der when 57279 is divided by 2741.
2459
Calculate the remainder when 22199 is divided by 3454.
1475
Calculate the remainder when 1030155 is divided by 632.
627
What is the remainder when 79343468 is divided by 12?
8
What is the remainder when 56329 is divided by 11110?
779
What is the remainder when 356667 is divided by 23745?
492
Calculate the remainder when 39587098 is divided by 2474192.
26
What is the remainder when 1190981 is divided by 1078?
869
Calculate the remainder when 658492 is divided by 658481.
11
What is the remainder when 1043345 is divided by 9233?
16
What is the remainder when 408331 is divided by 2595?
916
What is the remainder when 1541813 is divided by 1328?
5
Calculate the remainder when 356490886 is divided by 21.
10
What is the remainder when 64097 is divided by 20311?
3164
What is the remainder when 320451 is divided by 312?
27
Calculate the remainder when 169432 is divided by 29.
14
Calculate the remainder when 1721830 is divided by 274.
14
Calculate the remainder when 22738318 is divided by 432.
430
Calculate the remainder when 41295 is divided by 41286.
9
What is the remainder when 34808656 is divided by 111?
55
Calculate the remainder when 4304081 is divided by 195640.
1
What is the remainder when 7425259 is divided by 232039?
11
What is the remainder when 43898 is divided by 284?
162
Calculate the remainder when 127779 is divided by 847.
729
Calculate the remainder when 4609 is divided by 3267.
1342
What is the remainder when 34284 is divided by 2858?
2846
What is the remainder when 50639 is divided by 16013?
2600
What is the remainder when 696399328 is divided by 11?
9
What is the remainder when 7938005 is divided by 139?
132
Calculate the remainder when 140582 is divided by 2192.
294
Calculate the remainder when 950891 is divided by 79235.
71
What is the remainder when 2818999314 is divided by 428?
426
What is the remainder when 50840 is divided by 10134?
170
Calculate the remainder when 473711 is divided by 2617.
34
What is the remainder when 10252522 is divided by 379723?
1
What is the remainder when 106078 is divided by 4413?
166
What is the remainder when 105343523 is divided by 35114505?
8
What is the remainder when 1003871 is divided by 167034?
1667
Calculate the remainder when 1699200 is divided by 566399.
3
What is the remainder when 2236954 is divided by 3803?
790
What is the remainder when 132408 is divided by 7864?
6584
What is the remainder when 605743 is divided by 6805?
98
What is the remainder when 6548323 is divided by 175?
173
Calculate the remainder when 508883 is divided by 127183.
151
Calculate the remainder when 54512 is divided by 27165.
182
Calculate the remainder when 591828 is divided by 404.
372
What is the remainder when 1440798 is divided by 480260?
18
What is the remainder when 2953921 is divided by 1476944?
33
What is the remainder when 452855 is divided by 6?
5
Calculate the remainder when 6502987 is divided by 413.
302
Calculate the remainder when 586638 is divided by 39098.
168
What is the remainder when 120444 is divided by 13371?
105
Calculate the remainder when 1102449 is divided by 20789.
632
What is the remainder when 507444 is divided by 3407?
3208
What is the remainder when 1978331 is divided by 86012?
55
Calculate the remainder when 612863 is divided by 1159.
911
Calculate the remainder when 13540072 is divided by 2.
0
What is the remainder when 8655000 is divided by 33677?
11
What is the remainder when 19827 is divided by 74?
69
Calculate the remainder when 16020 is divided by 422.
406
What is the remainder when 357260 is divided by 4253?
8
What is the remainder when 260429 is divided by 10851?
5
Calculate the remainder when 5843861 is divided by 59.
29
Calculate the remainder when 133537 is divided by 46.
45
What is the remainder when 166512051 is divided by 233?
232
Calculate the remainder when 1865 is divided by 682.
501
Calculate the remainder when 573049951 is divided by 9003.
9001
Calculate the remainder when 8987892 is divided by 2304.
2292
Calculate the remainder when 2879476 is divided by 9598.
76
Calculate the remainder when 5723843 is divided by 7683.
8
Calculate the remainder when 1349669 is divided by 39696.
5
What is the remainder when 7975435 is divided by 7?
6
Calculate the remainder when 116424 is divided by 651.
546
What is the remainder when 660203 is divided by 35?
33
Calculate the remainder when 113397 is divided by 4323.
999
Calculate the remainder when 190196 is divided by 3655.
136
Calculate the remainder when 181110 is divided by 3788.
3074
What is the remainder when 10802350 is divided by 3970?
3950
What is the remainder when 4324033 is divided by 306?
253
Calculate the remainder when 137371 is divided by 2000.
1371
What is the remainder when 3757341 is divided by 96?
93
Calculate the remainder when 13709 is divided by 11705.
2004
What is the remainder when 889238 is divided by 151?
150
Calculate the remainder when 7452988 is divided by 3311.
3238
Calculate the remainder when 7799439 is divided by 3899717.
5
Calculate the remainder when 897719 is divided by 149618.
11
What is the remainder when 295982464 is divided by 1711?
1707
Calculate the remainder when 7778858 is divided by 117.
113
Calculate the remainder when 372871991 is divided by 6.
5
Calculate the remainder when 2706388 is divided by 127.
18
Calculate the remainder when 27688530 is divided by 22902.
12
What is the remainder when 34408 is divided by 3922?
3032
Calculate the remainder when 501342967 is divided by 8.
7
Calculate the remainder when 282846 is divided by 402.
240
Calculate the remainder when 1251022 is divided by 2085.
22
What is the remainder when 22753 is divided by 1021?
291
What is the remainder when 112479279 is divided by 16?
15
What is the remainder when 3900234 is divided by 186?
0
Calculate the remainder when 32011306 is divided by 789.
787
What is the remainder when 21328658 is divided by 3554764?
74
Calculate the remainder when 469385 is divided by 1048.
929
What is the remainder when 19982286 is divided by 591?
576
Calculate the remainder when 10979235 is divided by 1703.
1697
What is the remainder when 131988 is divided by 65080?
1828
Calculate the remainder when 340239398 is divided by 335.
333
Calculate the remainder when 1717398 is divided by 1717282.
116
Calculate the remainder when 22497875 is divided by 40.
35
Calculate the remainder when 1018226 is divided by 229.
92
Calculate the remainder when 1926328 is divided by 709.
684
What is the remainder when 529134 is divided by 9460?
8834
What is the remainder when 2752 is divided by 770?
442
What is the remainder when 146 is divided by 15?
11
What is the remainder when 3096510 is divided by 2?
0
What is the remainder when 1699379 is divided by 3631?
71
Calculate the remainder when 911768 is divided by 230.
48
What is the remainder when 14225773 is divided by 713?
710
Calculate the remainder when 884847 is divided by 9313.
112
Calculate the remainder when 5651806 is divided by 5651793.
13
What is the remainder when 2136629 is divided by 165?
44
Calculate the remainder when 6600509 is divided by 53.
48
What is the remainder when 202110 is divided by 202004?
106
What is the remainder when 375357 is divided by 323?
31
What is the remainder when 15611621 is divided by 153055?
11
Calculate the remainder when 45159377 is divided by 4.
1
What is the remainder when 193855320 is divided by 428?
424
Calculate the remainder when 452864 is divided by 6563.
17
Calculate the remainder when 4501591 is divided by 3874.
3
Calculate the remainder when 46125986 is divided by 526.
520
Calculate the remainder when 104410 is divided by 613.
200
Calculate the remainder when 437417 is divided by 109223.
525
What is the remainder when 187852 is divided by 329?
322
Calculate the remainder when 3456941 is divided by 364.
33
Calculate the remainder when 23751677 is divided by 5937917.
9
Calculate the remainder when 87506 is divided by 12244.
1798
Calculate the remainder when 63579 is divided by 2670.
2169
What is the remainder when 4380794 is divided by 148?
142
Calculate the remainder when 3716259 is divided by 1162.
183
What is the remainder when 1147399 is divided by 5?
4
What is the remainder when 2446118 is divided by 69?
68
W